{"id":953,"date":"2017-06-14T13:36:14","date_gmt":"2017-06-14T13:36:14","guid":{"rendered":"http:\/\/medinamedia.es\/te-suena-su-cara\/"},"modified":"2020-03-17T16:09:13","modified_gmt":"2020-03-17T16:09:13","slug":"te-suena-su-cara","status":"publish","type":"page","link":"https:\/\/medinamedia.es\/en\/te-suena-su-cara\/","title":{"rendered":"Does his face look familiar?"},"content":{"rendered":"<p>Perhaps you have seen many professionals in the new times of television and you don&#8217;t know that many of them have been working under the direction of <strong>Ricardo Medina<\/strong>. Many of them were given their first chance and today they are great stars. This is the case of <strong>Roberto Leal<\/strong> and <strong>Sandra Davi\u00fa<\/strong> in Antena 3 or <strong>Samanta Villar<\/strong> in Cuatro,<strong> Marta Fern\u00e1ndez, Hilario Pino and Manolo Lama<\/strong> in Cuatro, <strong>Pilar Garc\u00eda Mu\u00f1\u00edz<\/strong> and <strong>Maril\u00f3 Montero<\/strong>, in TVE, <strong>Inmaculada Galv\u00e1n<\/strong>, in Telemadrid.<\/p>\n<p>And in <strong>Medina Media<\/strong> we will never forget <strong>Luis Mari\u00f1as<\/strong>, a television master with whom we had the opportunity to work for Informativos Telecinco and in his last work in television, &#8216;Vista P\u00fablica&#8217; for Canal Sur. Other professionals such as <strong>Paco Lobat\u00f3n, Fernando Olmeda or Luis del Val<\/strong> have also worked on Medina Media projects.<\/p>\n<p>In addition to all those who have worked with us, part of our team are the millions of faithful spectators who enjoy their day with our programs and the 14,667 Facebook followers, to whom we add 11,364 on Twitter, 739 on LinkedIn and 2,698 on Youtube* (July 2012).<\/p>\n","protected":false},"excerpt":{"rendered":"<p>Perhaps you have seen many professionals in the new times of television and you don&#8217;t know that many of them have been working under the direction of Ricardo Medina. Many of them were given their first chance and today they are great stars. This is the case of Roberto Leal and Sandra Davi\u00fa in Antena [&hellip;]<\/p>\n","protected":false},"author":2,"featured_media":629,"parent":0,"menu_order":0,"comment_status":"closed","ping_status":"closed","template":"","meta":{"_acf_changed":false,"footnotes":""},"categories":[],"tags":[],"class_list":["post-953","page","type-page","status-publish","has-post-thumbnail","hentry"],"acf":[],"yoast_head":"<!-- This site is optimized with the Yoast SEO plugin v27.4 - https:\/\/yoast.com\/product\/yoast-seo-wordpress\/ -->\n<title>Does his face look familiar? - Medina Media<\/title>\n<meta name=\"robots\" content=\"index, follow, max-snippet:-1, max-image-preview:large, max-video-preview:-1\" \/>\n<link rel=\"canonical\" href=\"https:\/\/medinamedia.es\/en\/te-suena-su-cara\/\" \/>\n<meta property=\"og:locale\" content=\"en_US\" \/>\n<meta property=\"og:type\" content=\"article\" \/>\n<meta property=\"og:title\" content=\"Does his face look familiar? - Medina Media\" \/>\n<meta property=\"og:description\" content=\"Perhaps you have seen many professionals in the new times of television and you don&#8217;t know that many of them have been working under the direction of Ricardo Medina. Many of them were given their first chance and today they are great stars. This is the case of Roberto Leal and Sandra Davi\u00fa in Antena [&hellip;]\" \/>\n<meta property=\"og:url\" content=\"https:\/\/medinamedia.es\/en\/te-suena-su-cara\/\" \/>\n<meta property=\"og:site_name\" content=\"Medina Media\" \/>\n<meta property=\"article:modified_time\" content=\"2020-03-17T16:09:13+00:00\" \/>\n<meta property=\"og:image\" content=\"https:\/\/medinamedia.es\/web\/wp-content\/uploads\/2017\/06\/e9fe550ba3c0c201d69e3bc0a455b623_XL.jpg\" \/>\n\t<meta property=\"og:image:width\" content=\"900\" \/>\n\t<meta property=\"og:image:height\" content=\"860\" \/>\n\t<meta property=\"og:image:type\" content=\"image\/jpeg\" \/>\n<meta name=\"twitter:card\" content=\"summary_large_image\" \/>\n<meta name=\"twitter:label1\" content=\"Est. reading time\" \/>\n\t<meta name=\"twitter:data1\" content=\"1 minute\" \/>\n<script type=\"application\/ld+json\" class=\"yoast-schema-graph\">{\"@context\":\"https:\\\/\\\/schema.org\",\"@graph\":[{\"@type\":\"WebPage\",\"@id\":\"https:\\\/\\\/medinamedia.es\\\/en\\\/te-suena-su-cara\\\/\",\"url\":\"https:\\\/\\\/medinamedia.es\\\/en\\\/te-suena-su-cara\\\/\",\"name\":\"Does his face look familiar? - Medina Media\",\"isPartOf\":{\"@id\":\"https:\\\/\\\/medinamedia.es\\\/en\\\/#website\"},\"primaryImageOfPage\":{\"@id\":\"https:\\\/\\\/medinamedia.es\\\/en\\\/te-suena-su-cara\\\/#primaryimage\"},\"image\":{\"@id\":\"https:\\\/\\\/medinamedia.es\\\/en\\\/te-suena-su-cara\\\/#primaryimage\"},\"thumbnailUrl\":\"https:\\\/\\\/medinamedia.es\\\/web\\\/wp-content\\\/uploads\\\/2017\\\/06\\\/e9fe550ba3c0c201d69e3bc0a455b623_XL.jpg\",\"datePublished\":\"2017-06-14T13:36:14+00:00\",\"dateModified\":\"2020-03-17T16:09:13+00:00\",\"breadcrumb\":{\"@id\":\"https:\\\/\\\/medinamedia.es\\\/en\\\/te-suena-su-cara\\\/#breadcrumb\"},\"inLanguage\":\"en-US\",\"potentialAction\":[{\"@type\":\"ReadAction\",\"target\":[\"https:\\\/\\\/medinamedia.es\\\/en\\\/te-suena-su-cara\\\/\"]}]},{\"@type\":\"ImageObject\",\"inLanguage\":\"en-US\",\"@id\":\"https:\\\/\\\/medinamedia.es\\\/en\\\/te-suena-su-cara\\\/#primaryimage\",\"url\":\"https:\\\/\\\/medinamedia.es\\\/web\\\/wp-content\\\/uploads\\\/2017\\\/06\\\/e9fe550ba3c0c201d69e3bc0a455b623_XL.jpg\",\"contentUrl\":\"https:\\\/\\\/medinamedia.es\\\/web\\\/wp-content\\\/uploads\\\/2017\\\/06\\\/e9fe550ba3c0c201d69e3bc0a455b623_XL.jpg\",\"width\":900,\"height\":860},{\"@type\":\"BreadcrumbList\",\"@id\":\"https:\\\/\\\/medinamedia.es\\\/en\\\/te-suena-su-cara\\\/#breadcrumb\",\"itemListElement\":[{\"@type\":\"ListItem\",\"position\":1,\"name\":\"Portada\",\"item\":\"https:\\\/\\\/medinamedia.es\\\/en\\\/\"},{\"@type\":\"ListItem\",\"position\":2,\"name\":\"Does his face look familiar?\"}]},{\"@type\":\"WebSite\",\"@id\":\"https:\\\/\\\/medinamedia.es\\\/en\\\/#website\",\"url\":\"https:\\\/\\\/medinamedia.es\\\/en\\\/\",\"name\":\"Medina Media\",\"description\":\"\",\"publisher\":{\"@id\":\"https:\\\/\\\/medinamedia.es\\\/en\\\/#organization\"},\"potentialAction\":[{\"@type\":\"SearchAction\",\"target\":{\"@type\":\"EntryPoint\",\"urlTemplate\":\"https:\\\/\\\/medinamedia.es\\\/en\\\/?s={search_term_string}\"},\"query-input\":{\"@type\":\"PropertyValueSpecification\",\"valueRequired\":true,\"valueName\":\"search_term_string\"}}],\"inLanguage\":\"en-US\"},{\"@type\":\"Organization\",\"@id\":\"https:\\\/\\\/medinamedia.es\\\/en\\\/#organization\",\"name\":\"Medina Media\",\"url\":\"https:\\\/\\\/medinamedia.es\\\/en\\\/\",\"logo\":{\"@type\":\"ImageObject\",\"inLanguage\":\"en-US\",\"@id\":\"https:\\\/\\\/medinamedia.es\\\/en\\\/#\\\/schema\\\/logo\\\/image\\\/\",\"url\":\"https:\\\/\\\/medinamedia.es\\\/web\\\/wp-content\\\/uploads\\\/2017\\\/06\\\/medinamedia.png\",\"contentUrl\":\"https:\\\/\\\/medinamedia.es\\\/web\\\/wp-content\\\/uploads\\\/2017\\\/06\\\/medinamedia.png\",\"width\":548,\"height\":276,\"caption\":\"Medina Media\"},\"image\":{\"@id\":\"https:\\\/\\\/medinamedia.es\\\/en\\\/#\\\/schema\\\/logo\\\/image\\\/\"}}]}<\/script>\n<!-- \/ Yoast SEO plugin. -->","yoast_head_json":{"title":"Does his face look familiar? - Medina Media","robots":{"index":"index","follow":"follow","max-snippet":"max-snippet:-1","max-image-preview":"max-image-preview:large","max-video-preview":"max-video-preview:-1"},"canonical":"https:\/\/medinamedia.es\/en\/te-suena-su-cara\/","og_locale":"en_US","og_type":"article","og_title":"Does his face look familiar? - Medina Media","og_description":"Perhaps you have seen many professionals in the new times of television and you don&#8217;t know that many of them have been working under the direction of Ricardo Medina. Many of them were given their first chance and today they are great stars. This is the case of Roberto Leal and Sandra Davi\u00fa in Antena [&hellip;]","og_url":"https:\/\/medinamedia.es\/en\/te-suena-su-cara\/","og_site_name":"Medina Media","article_modified_time":"2020-03-17T16:09:13+00:00","og_image":[{"width":900,"height":860,"url":"https:\/\/medinamedia.es\/web\/wp-content\/uploads\/2017\/06\/e9fe550ba3c0c201d69e3bc0a455b623_XL.jpg","type":"image\/jpeg"}],"twitter_card":"summary_large_image","twitter_misc":{"Est. reading time":"1 minute"},"schema":{"@context":"https:\/\/schema.org","@graph":[{"@type":"WebPage","@id":"https:\/\/medinamedia.es\/en\/te-suena-su-cara\/","url":"https:\/\/medinamedia.es\/en\/te-suena-su-cara\/","name":"Does his face look familiar? - Medina Media","isPartOf":{"@id":"https:\/\/medinamedia.es\/en\/#website"},"primaryImageOfPage":{"@id":"https:\/\/medinamedia.es\/en\/te-suena-su-cara\/#primaryimage"},"image":{"@id":"https:\/\/medinamedia.es\/en\/te-suena-su-cara\/#primaryimage"},"thumbnailUrl":"https:\/\/medinamedia.es\/web\/wp-content\/uploads\/2017\/06\/e9fe550ba3c0c201d69e3bc0a455b623_XL.jpg","datePublished":"2017-06-14T13:36:14+00:00","dateModified":"2020-03-17T16:09:13+00:00","breadcrumb":{"@id":"https:\/\/medinamedia.es\/en\/te-suena-su-cara\/#breadcrumb"},"inLanguage":"en-US","potentialAction":[{"@type":"ReadAction","target":["https:\/\/medinamedia.es\/en\/te-suena-su-cara\/"]}]},{"@type":"ImageObject","inLanguage":"en-US","@id":"https:\/\/medinamedia.es\/en\/te-suena-su-cara\/#primaryimage","url":"https:\/\/medinamedia.es\/web\/wp-content\/uploads\/2017\/06\/e9fe550ba3c0c201d69e3bc0a455b623_XL.jpg","contentUrl":"https:\/\/medinamedia.es\/web\/wp-content\/uploads\/2017\/06\/e9fe550ba3c0c201d69e3bc0a455b623_XL.jpg","width":900,"height":860},{"@type":"BreadcrumbList","@id":"https:\/\/medinamedia.es\/en\/te-suena-su-cara\/#breadcrumb","itemListElement":[{"@type":"ListItem","position":1,"name":"Portada","item":"https:\/\/medinamedia.es\/en\/"},{"@type":"ListItem","position":2,"name":"Does his face look familiar?"}]},{"@type":"WebSite","@id":"https:\/\/medinamedia.es\/en\/#website","url":"https:\/\/medinamedia.es\/en\/","name":"Medina Media","description":"","publisher":{"@id":"https:\/\/medinamedia.es\/en\/#organization"},"potentialAction":[{"@type":"SearchAction","target":{"@type":"EntryPoint","urlTemplate":"https:\/\/medinamedia.es\/en\/?s={search_term_string}"},"query-input":{"@type":"PropertyValueSpecification","valueRequired":true,"valueName":"search_term_string"}}],"inLanguage":"en-US"},{"@type":"Organization","@id":"https:\/\/medinamedia.es\/en\/#organization","name":"Medina Media","url":"https:\/\/medinamedia.es\/en\/","logo":{"@type":"ImageObject","inLanguage":"en-US","@id":"https:\/\/medinamedia.es\/en\/#\/schema\/logo\/image\/","url":"https:\/\/medinamedia.es\/web\/wp-content\/uploads\/2017\/06\/medinamedia.png","contentUrl":"https:\/\/medinamedia.es\/web\/wp-content\/uploads\/2017\/06\/medinamedia.png","width":548,"height":276,"caption":"Medina Media"},"image":{"@id":"https:\/\/medinamedia.es\/en\/#\/schema\/logo\/image\/"}}]}},"_links":{"self":[{"href":"https:\/\/medinamedia.es\/en\/wp-json\/wp\/v2\/pages\/953","targetHints":{"allow":["GET"]}}],"collection":[{"href":"https:\/\/medinamedia.es\/en\/wp-json\/wp\/v2\/pages"}],"about":[{"href":"https:\/\/medinamedia.es\/en\/wp-json\/wp\/v2\/types\/page"}],"author":[{"embeddable":true,"href":"https:\/\/medinamedia.es\/en\/wp-json\/wp\/v2\/users\/2"}],"replies":[{"embeddable":true,"href":"https:\/\/medinamedia.es\/en\/wp-json\/wp\/v2\/comments?post=953"}],"version-history":[{"count":0,"href":"https:\/\/medinamedia.es\/en\/wp-json\/wp\/v2\/pages\/953\/revisions"}],"wp:featuredmedia":[{"embeddable":true,"href":"https:\/\/medinamedia.es\/en\/wp-json\/wp\/v2\/media\/629"}],"wp:attachment":[{"href":"https:\/\/medinamedia.es\/en\/wp-json\/wp\/v2\/media?parent=953"}],"wp:term":[{"taxonomy":"category","embeddable":true,"href":"https:\/\/medinamedia.es\/en\/wp-json\/wp\/v2\/categories?post=953"},{"taxonomy":"post_tag","embeddable":true,"href":"https:\/\/medinamedia.es\/en\/wp-json\/wp\/v2\/tags?post=953"}],"curies":[{"name":"wp","href":"https:\/\/api.w.org\/{rel}","templated":true}]}}

<p>Perhaps you have seen many professionals in the new times of television and you don&#8217;t know that many of them have been working under the direction of <strong>Ricardo Medina</strong>. Many of them were given their first chance and today they are great stars. This is the case of <strong>Roberto Leal</strong> and <strong>Sandra Daviú</strong> in Antena 3 or <strong>Samanta Villar</strong> in Cuatro,<strong> Marta Fernández, Hilario Pino and Manolo Lama</strong> in Cuatro, <strong>Pilar García Muñíz</strong> and <strong>Mariló Montero</strong>, in TVE, <strong>Inmaculada Galván</strong>, in Telemadrid.</p>
<p>And in <strong>Medina Media</strong> we will never forget <strong>Luis Mariñas</strong>, a television master with whom we had the opportunity to work for Informativos Telecinco and in his last work in television, &#8216;Vista Pública&#8217; for Canal Sur. Other professionals such as <strong>Paco Lobatón, Fernando Olmeda or Luis del Val</strong> have also worked on Medina Media projects.</p>
<p>In addition to all those who have worked with us, part of our team are the millions of faithful spectators who enjoy their day with our programs and the 14,667 Facebook followers, to whom we add 11,364 on Twitter, 739 on LinkedIn and 2,698 on Youtube* (July 2012).</p>

<p>Perhaps you have seen many professionals in the new times of television and you don&#8217;t know that many of them have been working under the direction of Ricardo Medina. Many of them were given their first chance and today they are great stars. This is the case of Roberto Leal and Sandra Daviú in Antena [&hellip;]</p>

<!-- This site is optimized with the Yoast SEO plugin v27.4 - https://yoast.com/product/yoast-seo-wordpress/ -->
<title>Does his face look familiar? - Medina Media</title>
<meta name="robots" content="index, follow, max-snippet:-1, max-image-preview:large, max-video-preview:-1" />
<link rel="canonical" href="https://medinamedia.es/en/te-suena-su-cara/" />
<meta property="og:locale" content="en_US" />
<meta property="og:type" content="article" />
<meta property="og:title" content="Does his face look familiar? - Medina Media" />
<meta property="og:description" content="Perhaps you have seen many professionals in the new times of television and you don&#8217;t know that many of them have been working under the direction of Ricardo Medina. Many of them were given their first chance and today they are great stars. This is the case of Roberto Leal and Sandra Daviú in Antena [&hellip;]" />
<meta property="og:url" content="https://medinamedia.es/en/te-suena-su-cara/" />
<meta property="og:site_name" content="Medina Media" />
<meta property="article:modified_time" content="2020-03-17T16:09:13+00:00" />
<meta property="og:image" content="https://medinamedia.es/web/wp-content/uploads/2017/06/e9fe550ba3c0c201d69e3bc0a455b623_XL.jpg" />
	<meta property="og:image:width" content="900" />
	<meta property="og:image:height" content="860" />
	<meta property="og:image:type" content="image/jpeg" />
<meta name="twitter:card" content="summary_large_image" />
<meta name="twitter:label1" content="Est. reading time" />
	<meta name="twitter:data1" content="1 minute" />
<script type="application/ld+json" class="yoast-schema-graph">{"@context":"https:\/\/schema.org","@graph":[{"@type":"WebPage","@id":"https:\/\/medinamedia.es\/en\/te-suena-su-cara\/","url":"https:\/\/medinamedia.es\/en\/te-suena-su-cara\/","name":"Does his face look familiar? - Medina Media","isPartOf":{"@id":"https:\/\/medinamedia.es\/en\/#website"},"primaryImageOfPage":{"@id":"https:\/\/medinamedia.es\/en\/te-suena-su-cara\/#primaryimage"},"image":{"@id":"https:\/\/medinamedia.es\/en\/te-suena-su-cara\/#primaryimage"},"thumbnailUrl":"https:\/\/medinamedia.es\/web\/wp-content\/uploads\/2017\/06\/e9fe550ba3c0c201d69e3bc0a455b623_XL.jpg","datePublished":"2017-06-14T13:36:14+00:00","dateModified":"2020-03-17T16:09:13+00:00","breadcrumb":{"@id":"https:\/\/medinamedia.es\/en\/te-suena-su-cara\/#breadcrumb"},"inLanguage":"en-US","potentialAction":[{"@type":"ReadAction","target":["https:\/\/medinamedia.es\/en\/te-suena-su-cara\/"]}]},{"@type":"ImageObject","inLanguage":"en-US","@id":"https:\/\/medinamedia.es\/en\/te-suena-su-cara\/#primaryimage","url":"https:\/\/medinamedia.es\/web\/wp-content\/uploads\/2017\/06\/e9fe550ba3c0c201d69e3bc0a455b623_XL.jpg","contentUrl":"https:\/\/medinamedia.es\/web\/wp-content\/uploads\/2017\/06\/e9fe550ba3c0c201d69e3bc0a455b623_XL.jpg","width":900,"height":860},{"@type":"BreadcrumbList","@id":"https:\/\/medinamedia.es\/en\/te-suena-su-cara\/#breadcrumb","itemListElement":[{"@type":"ListItem","position":1,"name":"Portada","item":"https:\/\/medinamedia.es\/en\/"},{"@type":"ListItem","position":2,"name":"Does his face look familiar?"}]},{"@type":"WebSite","@id":"https:\/\/medinamedia.es\/en\/#website","url":"https:\/\/medinamedia.es\/en\/","name":"Medina Media","description":"","publisher":{"@id":"https:\/\/medinamedia.es\/en\/#organization"},"potentialAction":[{"@type":"SearchAction","target":{"@type":"EntryPoint","urlTemplate":"https:\/\/medinamedia.es\/en\/?s={search_term_string}"},"query-input":{"@type":"PropertyValueSpecification","valueRequired":true,"valueName":"search_term_string"}}],"inLanguage":"en-US"},{"@type":"Organization","@id":"https:\/\/medinamedia.es\/en\/#organization","name":"Medina Media","url":"https:\/\/medinamedia.es\/en\/","logo":{"@type":"ImageObject","inLanguage":"en-US","@id":"https:\/\/medinamedia.es\/en\/#\/schema\/logo\/image\/","url":"https:\/\/medinamedia.es\/web\/wp-content\/uploads\/2017\/06\/medinamedia.png","contentUrl":"https:\/\/medinamedia.es\/web\/wp-content\/uploads\/2017\/06\/medinamedia.png","width":548,"height":276,"caption":"Medina Media"},"image":{"@id":"https:\/\/medinamedia.es\/en\/#\/schema\/logo\/image\/"}}]}</script>
<!-- / Yoast SEO plugin. -->

Perhaps you have seen many professionals in the new times of television and you don&#8217;t know that many of them have been working under the direction of Ricardo Medina. Many of them were given their first chance and today they are great stars. This is the case of Roberto Leal and Sandra Daviú in Antena [&hellip;]
